ond derivative of a**2/2 + 55*a. Let j(w) = -2*w - 10. Let r(v) = j(v) + 12*l(v). Give r(-2).
6
Let u(z) be the third derivative of -z**6/120 + 3*z**5/20 + z**4/4 + 5*z**3/2 - 44*z**2 - 2*z. Give u(10).
-25
Suppose 18 - 18 = 2*i. Let c(n) = -n**3 + 14. Calculate c(i).
14
Let z(f) = f**2 + 27*f + 3. Let j be ((108/(-15))/(-2))/((-16)/120). Calculate z(j).
3
Let m = 8 + 4. Let r = m - 11. Let z(y) = -y**2 - 2*y**3 + 5*y + 2 + r + 0 - 2*y. Determine z(-2).
9
Let k(s) = s**2 + s. Let i(c) = -2*c**2 - 4*c + 2. Let p(m) = i(m) + 3*k(m). Let n be (-39)/1*(-14)/42. Let v = -13 + n. Calculate p(v).
2
Let c(i) be the third derivative of -i**6/120 - i**5/30 - i**3/6 - i**2. Suppose -10139 = 4*h - 10127. Give c(h).
8
Let b(c) = -2*c - 46. Let t be b(-20). Let k(m) = -m - 4. Determine k(t).
2
Let b(u) = u**2 + 5*u + 2. Suppose 8*n = 10*n - 60. Suppose 22*j = 19*j - n. Let r be (2/5)/(2/j). What is b(r)?
-4
Let n(i) be the third derivative of 3/8*i**4 - 1/60*i**5 + 3/2*i**3 + 0*i + 0 - 5*i**2. Calculate n(10).
-1
Let y(f) = -7*f**2 - f - 1. Let o(l) = 5*l - 19. Let i be o(5). Suppose -25*w = -19*w + i. Calculate y(w).
-7
Let q(t) be the third derivative of t**8/6720 - t**7/504 + t**6/360 + t**5/30 + 7*t**4/24 + 13*t**2. Let n(p) be the second derivative of q(p). Calculate n(3).
-8
Let w(t) = t**2 + 4 - 3 - 2 + 6*t. Let u(o) = 15*o + 115. Let b be u(-8). What is w(b)?
-6
Let r(c) be the first derivative of -c**3/3 + 3*c**2/2 - 4*c + 1. Suppose 0 = 4*n - 9*n. Suppose n = -2*w + 7*w - 3*y, 4*w - 5*y = -13. Give r(w).
-4
Let r(p) be the second derivative of -47*p - 1/20*p**5 + 1/4*p**4 - 2*p**2 + 1/6*p**3 + 0. Give r(3).
-1
Let u(c) = -2*c**3 + 5*c**2 - 9*c + 2. Let o(m) = -5*m**3 + 12*m**2 - 26*m + 5. Let w(z) = -3*o(z) + 8*u(z). Give w(5).
6
Let a(z) = -z - 6. Let n be a(-9). Let x(h) = -4*h - 6*h**2 + 3 + h**n - 1 + 6*h. Suppose -3*s + 2 = -8*m + 3*m, -5*s + 14 = -3*m. Calculate x(m).
-10
Let s(n) be the first derivative of -3*n**4/4 + n**3 + 5*n**2/2 + 2*n - 390. Calculate s(-2).
28
Let x(c) = c**2 + 6*c - 7. Let w be 1 - (589/(-155) + 2/(-10)). What is x(w)?
48
Let u(a) = -5*a**3 - 18*a**2 + 6*a + 3. Let m(o) = -9*o**3 - 34*o**2 + 11*o + 6. Let g(t) = 6*m(t) - 11*u(t). Calculate g(6).
3
Let c = 0 + 5. Let t(p) = -13*p**2 + 9*p + 14. Let z(u) = -37*u**2 + 26*u + 40. Let n(m) = -17*t(m) + 6*z(m). Calculate n(c).
-8
Let t(u) be the first derivative of 2*u**2 + 1 - 4*u**2 + u**2. Suppose 53*x + 79 - 36 = -169. Calculate t(x).
8
Let p = 392 - 386. Let d(j) be the third derivative of 0 - j**3 + 1/12*j**4 + j**2 + 0*j. What is d(p)?
6
Let s(j) = -j**2 + 8*j - 2. Let r be 2/10 - (-1542)/15. Suppose 12 = -13*x + r. Give s(x).
5
Let j be 1/(-3) - 133/(-3). Suppose 24*t - j = 13*t. Let k(i) = -4*i - 3. Give k(t).
-19
Let u(j) = -j**2 - 4*j + 15. Let n be u(-6). Let i(y) = 4*y**2 + 76 - 3*y**3 - 41 - 3*y - 32 + 2*y**3. What is i(n)?
3
Let k(t) = 2*t**2 - 6*t + 7. Suppose -34*q + 30*q + 20 = 0. What is k(q)?
27
Let t(u) be the third derivative of 1/2*u**3 + 0*u + 11*u**2 + 5/24*u**4 + 0 + 1/30*u**5. Let c = -8 - -5. Give t(c).
6
Suppose -16*v = -20*v - 20. Let z(t) be the second derivative of -t**5/20 - 5*t**4/12 - 7*t**2/2 - 4*t. Determine z(v).
-7
Let y(c) = c**3 + 13*c**2 - 2*c - 20. Let d be y(-13). Suppose 0 = 4*p - 2*p + d. Let b(s) = -4*s. Give b(p).
12
Let l(f) = -6*f + 11. Let h be l(2). Let q(d) = 17*d**2. Calculate q(h).
17
Let z(q) = -q**3 - 4*q**2 - 2*q + 4. Let l = -13 - -30. Suppose 5*y + 37 = l. Determine z(y).
12
Suppose -u = -6*u + 10. Let g(a) = a - 2*a - a + 8*a + a**3 + 7*a**2 + u. Determine g(-6).
2
Suppose 0 = 3*p + 131 - 113. Let d = -2 + 5. Let z(v) = -v**3 + v**2 + v - 1. Let g(h) = -2*h**3 + 9*h**2 + h - 8. Let k(s) = d*z(s) - g(s). Calculate k(p).
-7
Suppose -2 + 17 = 5*v. Let y(j) = -3*j**3 + 3*j**2 - 15*j + 9. Let p(x) = 2*x**3 - 2*x**2 + 8*x - 5. Let f(t) = 5*p(t) + 3*y(t). Calculate f(v).
5
Let h(r) = -9*r - 2. Let y(m) = -8*m - 1. Let i(b) = -7*b - 1. Let a(w) = 4*i(w) - 3*y(w). Let z be 2 - (3 + -6 + -2). Let x(t) = z*a(t) - 3*h(t). Give x(-5).
4
Let j(w) = 2*w**2 - 24 - 2 + 25 + w. Calculate j(1).
2
Let r(g) = 4*g. Suppose -4*f + 2*w = -136, 0*f = -5*f - w + 163. Let j be 31/2 - f/(-22). Suppose -4*a = a + v + 5, a - 3*v + j = 0. What is r(a)?
-8
Let b(f) be the second derivative of 2*f + 0 - f**2 + 5/6*f**3 + 1/60*f**5 + 5/24*f**4. Let c(a) be the first derivative of b(a). Calculate c(-5).
5
Let r(q) = -q**2 - 6*q + 7. Let z = -17 - -14. Let p be 30/(-9)*z/(-2). Calculate r(p).
12
Let a(f) = f**3 - 6*f**2 + 3*f - 14. Let r be a(6). Let o = -8 + r. Let x(h) = h**3 + 3*h**2 - 4*h - 6. Calculate x(o).
-6
Let i(v) be the third derivative of v**6/120 + v**5/20 - v**4/24 - v**3/2 + v**2. Let w be 9/(-4) + 357/(-476). Calculate i(w).
0
Let v = 72 - 103. Let i = 25 + v. Let k be 40/i + (-2)/6. Let n(t) = -3*t - 6. Calculate n(k).
15
Let d = 80 + -29. Let y(s) = -53 + 2*s - s + d. Determine y(0).
-2
Let g(w) = 2*w**2 - 5*w - 10*w**3 + w - 4*w**2 - 1 + w + 2*w. Determine g(-1).
8
Suppose -6 = -4*l + 22. Suppose 3 = -5*v - 7. Let f(r) = -r**2 - 4*r + 2. Let w(p) = -6*p**2 - 19*p + 10. Let u(q) = v*w(q) + 11*f(q). Calculate u(l).
9
Let t(v) be the second derivative of -6*v**2 + 1/6*v**3 + 0 + 2*v. Suppose 0*q + 2*q = 0. What is t(q)?
-12
Let i be (-21)/6 - (-15)/(-10). Let o(s) = -s**3 + 3*s + 4. Let n(a) = -2*a**3 + 7*a + 9. Let y(f) = i*o(f) + 2*n(f). Determine y(0).
-2
Let k(j) = 3*j**2 - 4*j**3 + 0*j**2 + 6*j + 3*j**3 - 2 - 5*j. Let u be (-7 + 3)/(0 + -2). Give k(u).
4
Suppose 10*b + 1684 = 1604. Let u(r) = -16*r - 131. Give u(b).
-3
Suppose -2*z - 4*d + 6 = 0, 2*d = 5*z - 0*d - 27. Suppose -4*b = -7 - 5. Let v(l) = 4 + 4*l + b - 3*l. Calculate v(z).
12
Let g(m) = -7*m**3 - 11*m**2 - 2*m - 13. Let v(y) = 3*y**3 - y**2 + y + 1. Let a(d) = g(d) + 2*v(d). Give a(-13).
-11
Let c(d) = d**3 + 7*d**2 + 6*d - 6. Suppose -5*m = -6*m + 30. Let a be 0 - -1 - (-3 - -1). Suppose -2*g - m = a*g. What is c(g)?
-6
Let h(n) be the second derivative of 7*n**5/20 - n**4/6 - n**3/2 + 2*n**2 - 486*n. Calculate h(1).
6
Let b = 1 - 2. Let w(q) = 2*q - 1. Let z be w(1). Let o(p) = 11*p - z - 14*p + 1 - 1. Calculate o(b).
2
Let b(x) be the first derivative of 5/2*x**2 - 8/3*x**3 + 9*x - 5 + 1/4*x**4. Give b(7).
-5
Let j(i) = i**2 - 45*i - 16. Let u(l) = 11*l + 4. Let z(h) = 2*j(h) + 9*u(h). Suppose 81 = 6*t + 117. Calculate z(t).
22
Let j(i) = -12. Let w(r) = -26. Let t(a) = 5*j(a) - 2*w(a). Let p(u) = u - 9. Let c(z) = -2*p(z) + 3*t(z). Let q(o) = -o - 1. Let k be q(3). Calculate c(k).
2
Let s(a) = -48*a + a**2 - 3*a**2 + 3*a**2 + 2*a**2 - 4 + 49*a. Give s(-3).
20
Let y(n) be the third derivative of -5*n**2 + 0*n + 1/120*n**6 + 0 + 1/10*n**5 - 7/6*n**3 - 1/3*n**4. Let w(i) = -2*i + 13. Let l be w(10). Determine y(l).
0
Let l(y) = 19*y. Suppose 11*c + 23 = -12*c. Give l(c).
-19
Let p(j) = 3 + 11*j**3 - 2*j + 0*j**2 + j - j**3 - 9*j**3 - 13*j**2. Determine p(13).
-10
Let m(z) be the third derivative of 0 + 0*z + 4/3*z**3 - 23*z**2 - 1/12*z**4 + 1/10*z**5 - 1/120*z**6. Give m(6).
-4
Let q(k) be the second derivative of -k**5/20 + 3*k**4/4 - k**3/6 + 4*k**2 - 3*k - 187. Give q(9).
-1
Suppose -2*v + v = -9. Let m = 92 + -89. Suppose -r + 5*l = -9, -v = -3*r - 0*r - m*l. Let c(t) = -2*t - 4. Determine c(r).
-12
Let c = -38 + 41. Suppose 3*x - 3*x = c*x. Let f(g) = g**2 + g + 3. Determine f(x).
3
Let f(z) = z**2 + 5*z - 6. Suppose -2*r + 2*a - 17 = a, 5*r - 5*a + 55 = 0. Determine f(r).
0
Let t(o) = o**2 - o - 5. Suppose 0 = 14*i - 34 - 22. Suppose 21 = i*p + d, 8 = -2*p + 5*d - 9. Determine t(p).
7
Suppose -16 = -2*b - 5*o - 3, 0 = b - 2*o - 11. Suppose -j - 2*j = -b. Let y(q) = -2*q**2 - 2*q + 3. Determine y(j).
-21
Let i(j) = j**3 + 4*j**2 - 2*j - 5. Let a be i(-4). Let y(m) = 5 - 4 + 4 + a. Let u(w) = w + 9. Let s(f) = -3*u(f) + 4*y(f). What is s(4)?
-7
Let p(n) = 5*n**2 - 25*n + 14. Let w(q) = 14*q**2 - 74*q + 39. Let u(i) = 17*p(i) - 6*w(i). Calculate u(-19).
4
Let o(p) be the third derivative of -p**6/120 - p**5/12 + p**3/3 + 220*p**2. What is o(-5)?
2
Let l(s) = s + 8. Suppose -4*f = 5*v + f - 20, v - 4 = -4*f. Let k be (v/14)/(4/28). Let z be k + -6 + (1 - 1). Calculate l(z).
4
Let m(n) = 3 + 5*n - 6*n + 1 - 3. Suppose 6 + 7 = 2*a - 3*u, 5*a + 3*u = -20. Cal